4 - 52. List the prime factors of y.
2, 31
Let m(k) be the first derivative of -k**3/3 - k**2/2 - k - 2. Let n(i) = 4*i**2 + 2*i + 13. Let y(h) = 3*m(h) + n(h). List the prime factors of y(0).
2, 5
Let j(f) = f**3 + 7*f**2 - 11*f - 9. Let v be j(-8). Suppose -s + 8 = -v. What are the prime factors of s?
23
Suppose -q + 6 + 12 = 0. Let s be (5 - 2) + 0 + -14. Let r = q + s. List the prime factors of r.
7
Let k = 97 - 45. List the prime factors of k.
2, 13
Suppose -4 = -y - 14. Let c = y + 14. What are the prime factors of c?
2
Let r = 3 - 5. Let q(z) = -2*z**3 + z**2 - 4*z - 3. What are the prime factors of q(r)?
5
Let z = 4 - 1. Suppose 0 = 2*v - 2 - 4. Suppose v*g - 24 = z*h, -h = h + 2. What are the prime factors of g?
7
Let y(t) = 7*t**2 - 2*t + 1. Let r be y(1). Let a be ((-10)/3)/((-2)/r). Let x = a - -1. What are the prime factors of x?
11
Let n(b) = b**2 - 2. Let g be n(-3). Suppose 5*p = 3*a - g*a + 37, -3*a = -2*p + 1. Suppose -h + 30 = 4*w - 2*h, p*h + 17 = w. What are the prime factors of w?
7
Let s be ((-6)/8)/((-4)/16). Suppose -s*b + 0*b + 21 = 0. List the prime factors of b.
7
Suppose -5*l - 4 = -5*m + 1, 5*l + 4*m + 41 = 0. Let s be l/(10/(-4)) - -1. Suppose -3*h = -y - 0*h - s, -2*h = -8. What are the prime factors of y?
3
Let n = 22 + -13. List the prime factors of n.
3
Let q = -12 - -16. Suppose 4*c = -4*h + 140, -q*h - 14 = -c + 21. What are the prime factors of c?
5, 7
Suppose 2*m - 8 = m. Suppose -m*h + 100 = -3*h + 4*z, 111 = 4*h - 3*z. Suppose -4*t = -t - h. List the prime factors of t.
2
Suppose 4*r - 14 = -2. Let s be 3*(r - 4)/(-1). What are the prime factors of (-1)/1 - (-39)/s?
2, 3
Let t be (2/(-4))/(1/(-14)). Suppose -2*k - t = 2*y + k, -4*y - 9 = 5*k. Suppose -3*i = -y*i + 6. What are the prime factors of i?
2, 3
Let s = 40 + -28. List the prime factors of s.
2, 3
Suppose 4*i - 270 - 612 = 2*v, 5*v - 435 = -2*i. What are the prime factors of i?
2, 5, 11
Suppose -8 = -4*h + 2*h. What are the prime factors of 63/h - (-2)/8?
2
Suppose 3 = 2*v - 1. Let g be (0 + 0)*v/(-2). What are the prime factors of 12 + (g - -1)/1?
13
Suppose 0 = -5*v + 3*j - 2 + 4, -v + 2 = j. Let f = v - -6. What are the prime factors of f?
7
Let m(n) = -35*n - 2. Let p be m(-6). Suppose -3*d + 44 = -p. What are the prime factors of (-4)/(-10) + d/15?
2, 3
Suppose 2*j - 64 = -2*j. What are the prime factors of j?
2
Let f(g) = -2*g**3 - g + 1. Suppose -3*a = a + 8, -q + 4 = -3*a. List the prime factors of f(q).
19
Let a = -6 + 7. List the prime factors of 20*a*10/25.
2
Let q be -2*-1*(1 + 9)/(-1). Suppose 0 = -2*x + 4*l - 56, -x + 2*l - 3*l - 40 = 0. Let y = q - x. List the prime factors of y.
2
Suppose -5*l - h + 4*h = -8, 3*h + 6 = 3*l. What are the prime factors of (-75)/(-9) + l/(-3)?
2
Let q(t) = 9*t**2 + 9*t - 6. Let u(m) be the first derivative of -3*m**3 - 4*m**2 + 5*m + 3. Let w(f) = -6*q(f) - 7*u(f). List the prime factors of w(-1).
2
Let y = 8 + -4. Suppose -5*t = -j + 5 + y, -4*j = 5*t - 111. Suppose -60 = -4*a - j. List the prime factors of a.
3
Let b(g) = -5*g + 1. Let t(c) = c. Let m(p) = b(p) + 4*t(p). List the prime factors of m(-10).
11
Suppose -3*x + 1 = -2*o, x + 3 = -o - 0. List the prime factors of 8*((-2 - -5) + o).
2
Let a(y) = -2*y + y + y**3 + 4*y**2 + 0*y**2 - 2. Let c = 4 + -6. List the prime factors of a(c).
2
Let s be 2 - 12*2/3. What are the prime factors of 2/s - 136/(-12)?
11
Let t = -32 + 18. Let n = t + 26. List the prime factors of n.
2, 3
Let m be 20/30 + (-26)/3. Let w = 13 + m. List the prime factors of w.
5
Suppose o + 96 = 7*o. Suppose -o = -4*v + 16. List the prime factors of v.
2
Let j be 5/((-1)/(28/(-2))). Let m = -50 + j. List the prime factors of m.
2, 5
Let u(r) = -2*r + 12. What are the prime factors of u(-5)?
2, 11
What are the prime factors of (2 - 17)*(-99)/5?
3, 11
Let a = -8 + 18. Let j(m) = m**2 - 10*m + 10. What are the prime factors of j(a)?
2, 5
Let c(t) = -12*t - 67. List the prime factors of c(-22).
197
Let n = -48 - -80. Let y(b) = -2*b + 15. Let r be y(6). Suppose -v + n = r*v + 4*o, -3*v + 28 = o. List the prime factors of v.
2, 5
Suppose 2*i + 3*i - 35 = -5*v, 3*v - 3*i + 3 = 0. Suppose -123 = -6*q - v. List the prime factors of q.
2, 5
Let u be (3/(-2))/(2/12). Let a = 19 + u. List the prime factors of a.
2, 5
Suppose 20 = -3*w + 7*w. List the prime factors of w.
5
Let s = 39 - 25. List the prime factors of s.
2, 7
Suppose 4*l + 0*l = 52. Suppose -132 = -5*v + l. Let h = -20 + v. List the prime factors of h.
3
Let c = -180 - -295. What are the prime factors of c?
5, 23
Suppose -4*k - 11 = -27. Suppose k*x = 42 - 10. List the prime factors of x.
2
Let q(z) = 2*z**2 + z + 20. What are the prime factors of q(0)?
2, 5
Let t be (2 - 2)/(2 + -1). Let k = 12 - t. List the prime factors of k.
2, 3
Let y = 92 - -13. List the prime factors of y.
3, 5, 7
Let l be (3*1)/((-6)/4). Let o = -8 + 9. Let g = o - l. What are the prime factors of g?
3
Let o = 16 + 55. What are the prime factors of o?
71
Suppose 0 = -3*o + 5*o - 3*p - 191, 0 = 5*o + p - 469. What are the prime factors of o?
2, 47
Let d(z) = -10*z. Suppose 2*t + 2*t = -4*g - 16, -4 = -5*t + 3*g. What are the prime factors of d(t)?
2, 5
What are the prime factors of ((-20)/8)/((-1)/2)?
5
Suppose -61 = -m - 3*b + 2*b, -4*b = -12. What are the prime factors of m?
2, 29
Let t = -16 - -27. List the prime factors of t.
11
Let f be (-42)/(-18) - 2/(-3). Let u be f/((-18)/(-20))*-3. Let k = -6 - u. What are the prime factors of k?
2
Suppose 2*x + 4*m = 22, 2*x - 3 = x + 2*m. Let b = x + -2. Suppose -10 = 5*n, n + 19 = b*o - n. What are the prime factors of o?
3
Let g(y) = -3*y + 3. List the prime factors of g(-7).
2, 3
Suppose -2*f = -6*l + l + 222, 2*l - 72 = 5*f. Suppose 5*u - 12 = -r + l, 96 = 2*r + 5*u. List the prime factors of r.
2, 19
Let x(m) = m**3 - 7*m**2 + 5*m. Let j be x(6). Let k = j + 16. List the prime factors of k.
2, 5
Suppose 3*b - 360 = 2*n + n, -5*n + 590 = 5*b. List the prime factors of b.
7, 17
Suppose 3*q + 3*j - 15 = 0, -j + 1 = q + 4*j. What are the prime factors of (-696)/(-16)*4/q?
29
Suppose -4*c + 5 = -15. What are the prime factors of c/10 + (-130)/(-4)?
3, 11
Suppose 0 = 3*q - 4*q + 42. Let n = -30 + q. List the prime factors of n.
2, 3
Let r(h) = 2*h + 10. Let n be r(-7). Let y = 1 + n. List the prime factors of (-7 - -1)/y*2.
2
Let o be 30/3 - -1*1. Let y be (3 - (-3 - 4)) + -3. Let u = o - y. List the prime factors of u.
2
Let n(z) = -z**2 + 12*z + 5. Let c be n(13). What are the prime factors of c/(-12) - (-436)/12?
37
Let d(z) = z**3 + 4*z**2 + z + 3. Let h be d(-5). Let s(o) = 2*o - 3. Let i be s(2). What are the prime factors of 1 - i - h/3?
3
Suppose 0 = h - 4*h - f, h + 5 = -2*f. Let k = 28 - h. List the prime factors of k.
3
List the prime factors of (53 - 2) + (-8)/(-2).
5, 11
Suppose 150 = 3*h - 63. Let u = h + -44. List the prime factors of u.
3
Let i = -65 - -105. What are the prime factors of i?
2, 5
Suppose -606 + 26 = -5*l. What are the prime factors of l?
2, 29
Suppose -q = 3*q + 128. Let z = -18 - q. Let s = z + 0. What are the prime factors of s?
2, 7
Suppose 0 = -4*b + 3*a + 9, 2*b + 15 = -4*a + 3. Suppose b*i = -3*i - 9. What are the prime factors of (-10)/(-15) + (-4)/i?
2
Let h = 161 + 30. What are the prime factors of h?
191
Suppose 4*i - 659 = 145. List the prime factors of i.
3, 67
Let a(n) = n**3 + 8*n**2 + 5*n - 8. Let y be a(-6). Let w = -6 + y. What are the prime factors of w?
2, 7
List the prime factors of 7 - 10 - 156/(-2).
3, 5
Suppose 0 = -2*s + 4*s - 4. Suppose 2*b + 2*a + 22 = 0, s*a + a = 2*b + 17. Let q = -3 - b. What are the prime factors of q?
7
Suppose 0 = x + 39 + 19. Let d = x + 91. List the prime factors of d.
3, 11
Let h(v) = -v + 7. Suppose -5*r = -24 - 1. Suppose -3*t = 5*l + 8 + 7, -3*l + r*t = -25. What are the prime factors of h(l)?
7
Suppose 0 = -5*k - 5, 3*f + 3*k = 2*k + 161. Suppose -f - 9 = -3*d. List the prime factors of d.
3, 7
Suppose 0*q + 120 = 3*q. List the prime factors of q.
2, 5
Let f(o) = -100*o**3 - 3*o**2 - 7*o + 3. Let a(l) = -33*l**3 - l**2 - 2*l + 1. Let d(q) = -7*a(q) + 2*f(q). What are the prime factors of d(1)?
31
Let d(m) be the second derivative of -m**4/12 - 2*m**3/3 - m**2/2 + 2*m. Suppose -3*i - 5*p = -2 + 11, 0 = 3*i - 3*p + 9.